21 - -3433?
-10203033
In base 11, what is -80753276 - 4?
-8075327a
In base 15, what is -481c3 + -64a?
-4881d
In base 11, what is -2046a - 924?
-21293
In base 14, what is -150a98ca + 1?
-150a98c9
In base 3, what is -22 - -10122222110?
10122222011
In base 6, what is 23 - -134404100?
134404123
In base 8, what is -71535614 + -3?
-71535617
In base 11, what is 441 - -42084a?
421190
In base 10, what is 8 + 2166191?
2166199
In base 7, what is -4 - 1014602433?
-1014602440
In base 11, what is 121a332 + 3?
121a335
In base 3, what is -212201222100212 - 10221?
-212201222111210
In base 10, what is 0 + 3174169?
3174169
In base 16, what is -234 - -acdfc?
acbc8
In base 9, what is -20 + -166660?
-166680
In base 5, what is -22121431 + -143?
-22122124
In base 16, what is -fea2 + 10c?
-fd96
In base 3, what is 200 + 1021021111?
1021022011
In base 2, what is 110000 + 101101110101010?
101101111011010
In base 8, what is -132 + -7703012?
-7703144
In base 9, what is -450188524 + -5?
-450188530
In base 2, what is -1010110100111 - 11?
-1010110101010
In base 3, what is -10 + 11021212120111?
11021212120101
In base 10, what is -8252 + -191?
-8443
In base 15, what is -2348c90 + -3?
-2348c93
In base 2, what is -101011 + -100011001100010111?
-100011001101000010
In base 9, what is 1320306 + 1000?
1321306
In base 9, what is 4357640 - 6?
4357633
In base 4, what is 30300321201003 + -11?
30300321200332
In base 6, what is 5 - -3111512220?
3111512225
In base 10, what is 233 - -3641919?
3642152
In base 13, what is -19ccaa9 - 15?
-19ccac1
In base 9, what is -5 - 2225652?
-2225657
In base 12, what is 287a38 - 630?
287408
In base 15, what is -2abe + d2?
-29dc
In base 13, what is 864b50 - 16?
864b37
In base 12, what is 25394929 + -4?
25394925
In base 14, what is -20816b6 + 2?
-20816b4
In base 4, what is -2310002300 + 1031?
-2310001203
In base 14, what is 3 + -5ac50a?
-5ac507
In base 5, what is -3 - -41341342022?
41341342014
In base 3, what is 1012200 + 110102012?
111121212
In base 14, what is 61 + -1bda6?
-1bd45
In base 6, what is 2540243224 - 15?
2540243205
In base 8, what is 1220 + 17271?
20511
In base 3, what is -2002 - 20120212022002?
-20120212101011
In base 16, what is 39e4a3e + a?
39e4a48
In base 10, what is 1 + -5370848?
-5370847
In base 7, what is 1060444 - 1531?
1055613
In base 16, what is -79a + -1092?
-182c
In base 2, what is 10100101100110110 + -1101011100100?
10011000001010010
In base 5, what is 11020333 + 1121?
11022004
In base 10, what is -3 - -3954570?
3954567
In base 9, what is 5536217 + -3?
5536214
In base 13, what is 5517 + 1499?
69b3
In base 7, what is 3 + 3314612504?
3314612510
In base 12, what is 277 + -22926a?
-228bb3
In base 8, what is 322765 - -42?
323027
In base 10, what is -2444730 + -38?
-2444768
In base 6, what is -3255 + -352434?
-400133
In base 8, what is 265605 + -7725?
255660
In base 12, what is -2b20 - 10bb?
-401b
In base 8, what is 1 + 120151?
120152
In base 13, what is -11aa86 - -a?
-11aa79
In base 14, what is c82204 + 34?
c82238
In base 6, what is 554151 - -2012?
1000203
In base 3, what is -20202 - -102020010010?
102012212101
In base 2, what is 0 + 10101001011000110100001?
10101001011000110100001
In base 8, what is 3 + 237766351?
237766354
In base 7, what is 114633 + -1651?
112652
In base 3, what is -12 - -111201010222210?
111201010222121
In base 9, what is 1675025 + -84?
1674831
In base 12, what is -16a32825 - 1?
-16a32826
In base 10, what is 1066 - -142586?
143652
In base 14, what is -d7920 - 0?
-d7920
In base 3, what is 10 + 1210201200020111?
1210201200020121
In base 4, what is 23110001 + 10002?
23120003
In base 2, what is -11 - -110011110100011000001111?
110011110100011000001100
In base 2, what is -10 + -111010100000000100010010?
-111010100000000100010100
In base 16, what is -b - -10df3cd?
10df3c2
In base 9, what is 17607562 + -1?
17607561
In base 6, what is -14443014022 + -3?
-14443014025
In base 5, what is -3 + 120421243?
120421240
In base 14, what is 7ac2487 - 8?
7ac247d
In base 8, what is 227341127 - -22?
227341151
In base 14, what is -2 - -39d454?
39d452
In base 15, what is -28 + -41a398?
-41a3c1
In base 12, what is 0 + -120693a4?
-120693a4
In base 9, what is -227 - -140543?
140315
In base 14, what is 2 - c4accc?
-c4acca
In base 8, what is 5113 + 427?
5542
In base 4, what is -12 - -2122221103212?
2122221103200
In base 2, what is -110 + 10100011010100001101101?
10100011010100001100111
In base 15, what is -2eb21737 + -2?
-2eb21739
In base 4, what is 31 - 131133211222?
-131133211131
In base 3, what is 10101 + -12021001100102?
-12021001020001
In base 13, what is 142174 - -26?
14219a
In base 5, what is 3 + -11311321?
-11311313
In base 5, what is 21314040342 + 1?
21314040343
In base 11, what is -1377977a + 4?
-13779776
In base 9, what is -1470 - 433587?
-435167
In base 5, what is 14 - -10011232341?
10011232410
In base 7, what is 434312 - -54?
434366
In base 14, what is -bbd - -d486?
c6a7
In base 16, what is -2b06e - 19?
-2b087
In base 10, what is -18 + 539353?
539335
In base 15, what is -22d + -41b6?
-43e4
In base 13, what is -49 + -b30a?
-b356
In base 12, what is -155 - -1642b05?
1642970
In base 13, what is 22 - -50567?
50589
In base 3, what is -111000202 + 22001?
-110201201
In base 16, what is -1 - -9b4a?
9b49
In base 6, what is -3411052 + 120?
-3410532
In base 9, what is 1132 - -375807?
377040
In base 7, what is 20441 - -30465?
51236
In base 14, what is 1d1b2 + -18b?
1d025
In base 11, what is 19731a5 - 130?
1973075
In base 9, what is -14413 + -1731?
-16244
In base 11, what is -34855778 + 0?
-34855778
In base 8, what is -2 - 14440002?
-14440004
In base 9, what is 257660 - 184?
257465
In base 16, what is -a66d6 + -28?
-a66fe
In base 12, what is 3b06 - -373?
4279
In base 10, what is 1613 - -407?
2020
In base 10, what is -6060574 + 36?
-6060538
In base 6, what is 44355554 - -203?
44400201
In base 8, what is -1052 - 5625?
-6677
In base 2, what is 101110111011001111000000010 + -10?
101110111011001111000000000
In base 14, what is -1 - 94473b?
-94473c
In base 6, what is 1410251 + -5453?
1400354
In base 15, what is -412a11b - 2?
-412a11d
In base 8, what is -41 + 3772511?
3772450
In base 15, what is -22 + 93574b?
935729
In base 2, what is 0 + 10001101001001111100111?
10001101001001111100111
In base 15, what is 316243 - 28?
31621a
In base 3, what is 10 - 10101120221122022?
-10101120221122012
In base 7, what is 2631 + 254?
3215
In base 12, what is -2 - 1205529?
-120552b
In base 10, what is 5 + 152962086?
152962091
In base 3, what is -1100201 + 1110011210002?
1110010102101
In base 2, what is 11001 + -1000010010011001111?
-1000010010010110110
In base 11, what is -62a252 - -9?
-62a244
In base 4, what is -2 - -23031302310?
23031302302
In base 3, what is -11 + -1011221120002020?
-1011221120002101
In base 5, what is 43230221 - 4402?
43220314
In base 15, what is 154 - -26c3b5?
26c519
In base 8, what is 1546235 + -20?
1546215
In base 2, what is 110100111111110001000011 - 100?
110100111111110000111111
In base 7, what is -4022041 + -10?
-4022051
In base 9, what is -20216 - 134112?
-154328
In base 4, what is -12 + 10220000120102?
10220000120030
In base 7, what is -415 - -546111?
545363
In base 5, what is -213442012 - -11?
-213442001
In base 8, what is -4 + -37162326?
-37162332
In base 10, what is -11 - 51255?
-51266
In base 2, what is 1110011 + 1111100110101101?
1111101000100000
In base 5, what is -133232 - -21234?
-111443
In base 16, what is -71a + 1003?
8e9
In base 11, what is -31495 - 284?
-31769
In base 7, what is 1064 - -261434?
262531
In base 12, what is -1b30 + -61a?
-254a
In base 4, what is 1 + -3231210103220?
-3231210103213
In base 9, what is -1211777 - 681?
-1212568
In base 5, what is 12333140301 + 3?
12333140304
In base 6, what is 204212043255 + -4?
204212043251
In base 2, what is -11001011110110011001110 - 10?
-11001011110110011010000
In base 5, what is 112004322244 + 1?
112004322300
In base 16, what is 355 + 1193?
14e8
In base 14, what is 1160b61 - -4?
1160b65
In base 13, what is 3c28187 - -1?
3c28188
In base 7, what is -4000035 + 250?
-3666455
In base 2, what is 11100100111001001110001000010 + -1?
11100100111001001110001000001
In base 11, what is 27660073 - -1a?
27660092
In base 4, what is -301 + 231032131?
231031230
In base 4, what is 110332031022 + 